{"id":1980,"date":"2020-04-27T07:59:46","date_gmt":"2020-04-27T06:59:46","guid":{"rendered":"http:\/\/www.riehagbard.dk\/rie\/?page_id=1980"},"modified":"2026-03-19T08:34:54","modified_gmt":"2026-03-19T07:34:54","slug":"egne-kompositioner","status":"publish","type":"page","link":"http:\/\/www.riehagbard.dk\/rie\/egne-kompositioner\/","title":{"rendered":"Udgivelser"},"content":{"rendered":"<p><a href=\"http:\/\/www.riehagbard.dk\/rie\/wp-content\/uploads\/2025\/12\/Jul-igen.jpg\"><img loading=\"lazy\" class=\"alignleft size-medium wp-image-3290\" src=\"http:\/\/www.riehagbard.dk\/rie\/wp-content\/uploads\/2025\/12\/Jul-igen-300x298.jpg\" alt=\"\" width=\"300\" height=\"298\" srcset=\"http:\/\/www.riehagbard.dk\/rie\/wp-content\/uploads\/2025\/12\/Jul-igen-300x298.jpg 300w, http:\/\/www.riehagbard.dk\/rie\/wp-content\/uploads\/2025\/12\/Jul-igen-1024x1017.jpg 1024w, http:\/\/www.riehagbard.dk\/rie\/wp-content\/uploads\/2025\/12\/Jul-igen-150x150.jpg 150w, http:\/\/www.riehagbard.dk\/rie\/wp-content\/uploads\/2025\/12\/Jul-igen-768x763.jpg 768w, http:\/\/www.riehagbard.dk\/rie\/wp-content\/uploads\/2025\/12\/Jul-igen.jpg 1080w\" sizes=\"(max-width: 300px) 100vw, 300px\" \/><\/a><\/p>\n<p>Den dejligste december-nyhed var, at min nye julesang &#8216;Luk din d\u00f8r til julegl\u00e6den op&#8217; fra &#8216;Her i skoven ved midnatstid&#8217; har f\u00e5et en plads blandt en masse klassiske og velkendte julesange (og juleb\u00f8rnesange), og det er jeg stolt over! Kan erhverves via Dansk Sangs hjemmeside.<\/p>\n<p><strong><a href=\"http:\/\/www.riehagbard.dk\/rie\/wp-content\/uploads\/2024\/10\/Bog-fra-trykken2.jpg\"><img loading=\"lazy\" class=\"alignleft size-medium wp-image-3154\" src=\"http:\/\/www.riehagbard.dk\/rie\/wp-content\/uploads\/2024\/10\/Bog-fra-trykken2-246x300.jpg\" alt=\"\" width=\"246\" height=\"300\" srcset=\"http:\/\/www.riehagbard.dk\/rie\/wp-content\/uploads\/2024\/10\/Bog-fra-trykken2-246x300.jpg 246w, http:\/\/www.riehagbard.dk\/rie\/wp-content\/uploads\/2024\/10\/Bog-fra-trykken2-839x1024.jpg 839w, http:\/\/www.riehagbard.dk\/rie\/wp-content\/uploads\/2024\/10\/Bog-fra-trykken2-768x938.jpg 768w, http:\/\/www.riehagbard.dk\/rie\/wp-content\/uploads\/2024\/10\/Bog-fra-trykken2-1258x1536.jpg 1258w, http:\/\/www.riehagbard.dk\/rie\/wp-content\/uploads\/2024\/10\/Bog-fra-trykken2.jpg 1440w\" sizes=\"(max-width: 246px) 100vw, 246px\" \/><\/a>Her i skoven ved midnatstid<\/strong><\/p>\n<p>Sangbogen, som b\u00e5de kan benyttes af b\u00f8rnefamilier, indskolingsmusikl\u00e6rere, musikp\u00e6dagoger og andre, som elsker b\u00f8rnesange. Den best\u00e5r af 12 sange, placeret i et \u00e5rshjul og er udgivet hos Dansk Sang; link til salg er at finde p\u00e5 deres hjemmeside: <a href=\"http:\/\/www.dansksang.dk\">http:\/\/www.dansksang.dk<\/a><\/p>\n<p><strong>Fyr den af, forfar<\/strong> &#8211; fra lokalhistorier til nye danske b\u00f8rnesange \u00a0<img loading=\"lazy\" class=\"alignright size-medium wp-image-1986\" title=\"forfarbog-visuel1\" src=\"http:\/\/www.riehagbard.dk\/rie\/wp-content\/uploads\/2020\/04\/forfarbog-visuel1-235x300.jpg\" alt=\"forfarbog-visuel1\" width=\"235\" height=\"300\" srcset=\"http:\/\/www.riehagbard.dk\/rie\/wp-content\/uploads\/2020\/04\/forfarbog-visuel1-235x300.jpg 235w, http:\/\/www.riehagbard.dk\/rie\/wp-content\/uploads\/2020\/04\/forfarbog-visuel1.jpg 500w\" sizes=\"(max-width: 235px) 100vw, 235px\" \/><\/p>\n<p>&#8216;Fyr den af, forfar&#8217; er en bog og cd med ti nye b\u00f8rnesange som hver is\u00e6r fort\u00e6ller en sp\u00e6ndende lokalhistorie fra et sted i Danmark. Alle sangene handler om virkelige personer eller h\u00e6ndelser fra gamle dage &#8211; om vores forf\u00e6dre og deres meget forskellige liv rundt omkring i Danmark.<\/p>\n<p>Det er b\u00f8rn fra ti forskellige skoler i Danmark der sammen med en lokalhistoriker har fundet deres egns mest sp\u00e6ndende og originale lokalhistorie. Deres formidling af historien danner baggrund for de ti nye danske b\u00f8rnesange.<\/p>\n<p>Bogen udkom 3. maj 2010 og kan bestilles via mail p\u00e5 rie@riehagbard.dk (kr. 75,- ekskl. fragt).<\/p>\n<p><strong>Teamet bag Fyr den af, forfar: <\/strong>Rie Hagbard, Claus Frovin, Susanne Guttorm og Julie Egemar. Udgivet af Turbine 2010<\/p>\n<p><strong><img loading=\"lazy\" class=\"alignleft size-medium wp-image-1990\" title=\"pladecover\" src=\"http:\/\/www.riehagbard.dk\/rie\/wp-content\/uploads\/2020\/04\/pladecover-300x263.jpg\" alt=\"pladecover\" width=\"300\" height=\"263\" srcset=\"http:\/\/www.riehagbard.dk\/rie\/wp-content\/uploads\/2020\/04\/pladecover-300x263.jpg 300w, http:\/\/www.riehagbard.dk\/rie\/wp-content\/uploads\/2020\/04\/pladecover.jpg 960w\" sizes=\"(max-width: 300px) 100vw, 300px\" \/>En tur tilbage &#8211; danske jazznumre med pop-tvist<\/strong><\/p>\n<p>Med et lille hold musikere og en producer i ryggen drog jeg i for\u00e5ret 2018 til The Village Recording for at indspille 7 danske sange om livets gl\u00e6der og bekymringer. &#8216;En tur tilbage&#8217; er min debutplade. Jeg har skrevet musik s\u00e5 l\u00e6nge, jeg kan huske &#8211; men dette blev mit f\u00f8rste officielle projekt som solosanger, uden p\u00e6dagogiske vinkler eller med specifikt kulturelt form\u00e5l.<\/p>\n<p>Pladen kan bestille via rie@riehagbard.dk (kr. 100,- ekskl. fragt).<\/p>\n<p>Medvirkende: Anders Mortensen (klaver), Jesper Thorn (bas), Rasmus Lund (tr.) og Hans Ulrik (sax). Gateway 2018.<\/p>\n","protected":false},"excerpt":{"rendered":"<p>Den dejligste december-nyhed var, at min nye julesang &#8216;Luk din d\u00f8r til julegl\u00e6den op&#8217; fra &#8216;Her i skoven ved midnatstid&#8217; har f\u00e5et en plads blandt en masse klassiske og velkendte julesange (og juleb\u00f8rnesange), og det er jeg stolt over! Kan erhverves via Dansk Sangs hjemmeside. Her i skoven ved midnatstid Sangbogen, som b\u00e5de kan benyttes [&hellip;]<\/p>\n","protected":false},"author":2,"featured_media":0,"parent":0,"menu_order":0,"comment_status":"closed","ping_status":"open","template":"","meta":[],"_links":{"self":[{"href":"http:\/\/www.riehagbard.dk\/rie\/wp-json\/wp\/v2\/pages\/1980"}],"collection":[{"href":"http:\/\/www.riehagbard.dk\/rie\/wp-json\/wp\/v2\/pages"}],"about":[{"href":"http:\/\/www.riehagbard.dk\/rie\/wp-json\/wp\/v2\/types\/page"}],"author":[{"embeddable":true,"href":"http:\/\/www.riehagbard.dk\/rie\/wp-json\/wp\/v2\/users\/2"}],"replies":[{"embeddable":true,"href":"http:\/\/www.riehagbard.dk\/rie\/wp-json\/wp\/v2\/comments?post=1980"}],"version-history":[{"count":46,"href":"http:\/\/www.riehagbard.dk\/rie\/wp-json\/wp\/v2\/pages\/1980\/revisions"}],"predecessor-version":[{"id":3372,"href":"http:\/\/www.riehagbard.dk\/rie\/wp-json\/wp\/v2\/pages\/1980\/revisions\/3372"}],"wp:attachment":[{"href":"http:\/\/www.riehagbard.dk\/rie\/wp-json\/wp\/v2\/media?parent=1980"}],"curies":[{"name":"wp","href":"https:\/\/api.w.org\/{rel}","templated":true}]}}